{"id":30,"date":"2020-04-06T22:30:58","date_gmt":"2020-04-06T20:30:58","guid":{"rendered":"https:\/\/fred27.fr\/?page_id=30"},"modified":"2020-04-09T20:40:44","modified_gmt":"2020-04-09T18:40:44","slug":"pot-a-cases","status":"publish","type":"page","link":"https:\/\/fred27.fr\/index.php\/pots-et-boites\/pot-a-cases\/","title":{"rendered":"Pot \u00e0 cases"},"content":{"rendered":"\n<p>Un pot \u00e0 crayons multicompartiments.<\/p>\n\n\n\n<figure class=\"wp-block-gallery columns-2 is-cropped wp-block-gallery-1 is-layout-flex wp-block-gallery-is-layout-flex\"><ul class=\"blocks-gallery-grid\"><li class=\"blocks-gallery-item\"><figure><img loading=\"lazy\" decoding=\"async\" width=\"1024\" height=\"747\" src=\"https:\/\/fred27.fr\/wp-content\/uploads\/2020\/04\/IMG_0500r.jpg\" alt=\"\" data-id=\"153\" data-full-url=\"https:\/\/fred27.fr\/wp-content\/uploads\/2020\/04\/IMG_0500r.jpg\" data-link=\"https:\/\/fred27.fr\/img_0500r\/\" class=\"wp-image-153\" srcset=\"https:\/\/fred27.fr\/wp-content\/uploads\/2020\/04\/IMG_0500r.jpg 1024w, https:\/\/fred27.fr\/wp-content\/uploads\/2020\/04\/IMG_0500r-300x219.jpg 300w, https:\/\/fred27.fr\/wp-content\/uploads\/2020\/04\/IMG_0500r-768x560.jpg 768w\" sizes=\"auto, (max-width: 1024px) 100vw, 1024px\" \/><\/figure><\/li><li class=\"blocks-gallery-item\"><figure><img loading=\"lazy\" decoding=\"async\" width=\"1024\" height=\"948\" src=\"https:\/\/fred27.fr\/wp-content\/uploads\/2020\/04\/IMG_0501_r.jpg\" alt=\"\" data-id=\"154\" data-full-url=\"https:\/\/fred27.fr\/wp-content\/uploads\/2020\/04\/IMG_0501_r.jpg\" data-link=\"https:\/\/fred27.fr\/img_0501_r\/\" class=\"wp-image-154\" srcset=\"https:\/\/fred27.fr\/wp-content\/uploads\/2020\/04\/IMG_0501_r.jpg 1024w, https:\/\/fred27.fr\/wp-content\/uploads\/2020\/04\/IMG_0501_r-300x278.jpg 300w, https:\/\/fred27.fr\/wp-content\/uploads\/2020\/04\/IMG_0501_r-768x711.jpg 768w\" sizes=\"auto, (max-width: 1024px) 100vw, 1024px\" \/><\/figure><\/li><li class=\"blocks-gallery-item\"><figure><img loading=\"lazy\" decoding=\"async\" width=\"1024\" height=\"824\" src=\"https:\/\/fred27.fr\/wp-content\/uploads\/2020\/04\/IMG_0499_r.jpg\" alt=\"\" data-id=\"152\" data-full-url=\"https:\/\/fred27.fr\/wp-content\/uploads\/2020\/04\/IMG_0499_r.jpg\" data-link=\"https:\/\/fred27.fr\/img_0499_r\/\" class=\"wp-image-152\" srcset=\"https:\/\/fred27.fr\/wp-content\/uploads\/2020\/04\/IMG_0499_r.jpg 1024w, https:\/\/fred27.fr\/wp-content\/uploads\/2020\/04\/IMG_0499_r-300x241.jpg 300w, https:\/\/fred27.fr\/wp-content\/uploads\/2020\/04\/IMG_0499_r-768x618.jpg 768w\" sizes=\"auto, (max-width: 1024px) 100vw, 1024px\" \/><\/figure><\/li><\/ul><\/figure>\n\n\n\n<p><br><\/p>\n\n\n\n<p>Dans le m\u00eame esprit, un mod\u00e8le sur mesure, plus grand.<\/p>\n\n\n\n<figure class=\"wp-block-gallery columns-2 is-cropped wp-block-gallery-2 is-layout-flex wp-block-gallery-is-layout-flex\"><ul class=\"blocks-gallery-grid\"><li class=\"blocks-gallery-item\"><figure><img loading=\"lazy\" decoding=\"async\" width=\"1024\" height=\"768\" src=\"https:\/\/fred27.fr\/wp-content\/uploads\/2020\/04\/IMG_3044-Copie-1024x768.jpg\" alt=\"\" data-id=\"48\" data-full-url=\"https:\/\/fred27.fr\/wp-content\/uploads\/2020\/04\/IMG_3044-Copie.jpg\" data-link=\"https:\/\/fred27.fr\/img_3044-copie\/\" class=\"wp-image-48\" srcset=\"https:\/\/fred27.fr\/wp-content\/uploads\/2020\/04\/IMG_3044-Copie-1024x768.jpg 1024w, https:\/\/fred27.fr\/wp-content\/uploads\/2020\/04\/IMG_3044-Copie-300x225.jpg 300w, https:\/\/fred27.fr\/wp-content\/uploads\/2020\/04\/IMG_3044-Copie-768x576.jpg 768w, https:\/\/fred27.fr\/wp-content\/uploads\/2020\/04\/IMG_3044-Copie-1568x1176.jpg 1568w\" sizes=\"auto, (max-width: 1024px) 100vw, 1024px\" \/><\/figure><\/li><li class=\"blocks-gallery-item\"><figure><img loading=\"lazy\" decoding=\"async\" width=\"1024\" height=\"768\" src=\"https:\/\/fred27.fr\/wp-content\/uploads\/2020\/04\/IMG_3039-Copie-1024x768.jpg\" alt=\"\" data-id=\"47\" data-full-url=\"https:\/\/fred27.fr\/wp-content\/uploads\/2020\/04\/IMG_3039-Copie.jpg\" data-link=\"https:\/\/fred27.fr\/img_3039-copie\/\" class=\"wp-image-47\" srcset=\"https:\/\/fred27.fr\/wp-content\/uploads\/2020\/04\/IMG_3039-Copie-1024x768.jpg 1024w, https:\/\/fred27.fr\/wp-content\/uploads\/2020\/04\/IMG_3039-Copie-300x225.jpg 300w, https:\/\/fred27.fr\/wp-content\/uploads\/2020\/04\/IMG_3039-Copie-768x576.jpg 768w, https:\/\/fred27.fr\/wp-content\/uploads\/2020\/04\/IMG_3039-Copie-1568x1176.jpg 1568w\" sizes=\"auto, (max-width: 1024px) 100vw, 1024px\" \/><\/figure><\/li><\/ul><\/figure>\n\n\n\n<p><br><br><div class=\"menu-menu_boites-container\"><ul id=\"short_menu_69eca3e3db6d9\" class=\"shortcode_menu  wpsm-menu wpsm-vertical menu_enhance  \"><li id=\"menu-item-201\" class=\"menu-item menu-item-type-post_type menu-item-object-page menu-item-201\"><a href=\"https:\/\/fred27.fr\/index.php\/pots-et-boites\/pots-a-crayons\/\">Pots \u00e0 crayons<\/a><\/li>\n<li id=\"menu-item-198\" class=\"menu-item menu-item-type-post_type menu-item-object-page menu-item-198\"><a href=\"https:\/\/fred27.fr\/index.php\/pots-et-boites\/boite-a-bijoux\/\">Bo\u00eete \u00e0 bijoux<\/a><\/li>\n<li id=\"menu-item-199\" class=\"menu-item menu-item-type-post_type menu-item-object-page menu-item-199\"><a href=\"https:\/\/fred27.fr\/index.php\/pots-et-boites\/pot-a-cases\/\">Pot \u00e0 cases<\/a><\/li>\n<li id=\"menu-item-200\" class=\"menu-item menu-item-type-post_type menu-item-object-page menu-item-200\"><a href=\"https:\/\/fred27.fr\/index.php\/pots-et-boites\/pot-hexagone\/\">Pot hexagone<\/a><\/li>\n<\/ul><\/div><div class=\"clear\"><\/div>\n\t\t\t<style>\n\t\t\t\t#short_menu_69eca3e3db6d9 {  }\n\t\t\t\t#short_menu_69eca3e3db6d9 ul.wpsm-arrow-enabled:before { color:rgba(0,0,0,0.8); } \n\t\t\t\t#short_menu_69eca3e3db6d9 ul, #short_menu_69eca3e3db6d9 ul ul { background: rgba(0,0,0,0.8); }\n\t\t\t\t#short_menu_69eca3e3db6d9 a {  }\n\t\t\t\t#short_menu_69eca3e3db6d9 a:hover {  }\n\t\t\t\t#short_menu_69eca3e3db6d9 ul a { color:#e0e0e0;  }\n\t\t\t\t#short_menu_69eca3e3db6d9 ul a:hover { color:#ffffff;  }\n\t\t\t\t\n\t\t\t<\/style>\n\t\t\t<script type=\"text\/javascript\">\n\t\t\t\tvar show_arrow = \"true\";<\/script><\/p>\n","protected":false},"excerpt":{"rendered":"<p>Un pot \u00e0 crayons multicompartiments. Dans le m\u00eame esprit, un mod\u00e8le sur mesure, plus grand.<\/p>\n","protected":false},"author":8,"featured_media":0,"parent":99,"menu_order":0,"comment_status":"closed","ping_status":"closed","template":"","meta":{"footnotes":""},"class_list":["post-30","page","type-page","status-publish","hentry"],"_links":{"self":[{"href":"https:\/\/fred27.fr\/index.php\/wp-json\/wp\/v2\/pages\/30","targetHints":{"allow":["GET"]}}],"collection":[{"href":"https:\/\/fred27.fr\/index.php\/wp-json\/wp\/v2\/pages"}],"about":[{"href":"https:\/\/fred27.fr\/index.php\/wp-json\/wp\/v2\/types\/page"}],"author":[{"embeddable":true,"href":"https:\/\/fred27.fr\/index.php\/wp-json\/wp\/v2\/users\/8"}],"replies":[{"embeddable":true,"href":"https:\/\/fred27.fr\/index.php\/wp-json\/wp\/v2\/comments?post=30"}],"version-history":[{"count":7,"href":"https:\/\/fred27.fr\/index.php\/wp-json\/wp\/v2\/pages\/30\/revisions"}],"predecessor-version":[{"id":230,"href":"https:\/\/fred27.fr\/index.php\/wp-json\/wp\/v2\/pages\/30\/revisions\/230"}],"up":[{"embeddable":true,"href":"https:\/\/fred27.fr\/index.php\/wp-json\/wp\/v2\/pages\/99"}],"wp:attachment":[{"href":"https:\/\/fred27.fr\/index.php\/wp-json\/wp\/v2\/media?parent=30"}],"curies":[{"name":"wp","href":"https:\/\/api.w.org\/{rel}","templated":true}]}}