{"id":264,"date":"2021-01-17T20:25:57","date_gmt":"2021-01-17T19:25:57","guid":{"rendered":"https:\/\/fred27.fr\/?page_id=264"},"modified":"2021-03-06T19:13:32","modified_gmt":"2021-03-06T18:13:32","slug":"applique-thomas","status":"publish","type":"page","link":"https:\/\/fred27.fr\/index.php\/lampes\/applique-thomas\/","title":{"rendered":"Applique Thomas"},"content":{"rendered":"\n<p>Des labyrinthes de Thomas, \u00e0 poser ou \u00e0 fixer en applique.<br>Dimension 23cm x 92cm.<\/p>\n\n\n\n<figure class=\"wp-block-image size-large\"><img loading=\"lazy\" decoding=\"async\" width=\"768\" height=\"1024\" src=\"https:\/\/fred27.fr\/wp-content\/uploads\/2021\/01\/AppliqueToma_1.jpg\" alt=\"\" class=\"wp-image-261\" srcset=\"https:\/\/fred27.fr\/wp-content\/uploads\/2021\/01\/AppliqueToma_1.jpg 768w, https:\/\/fred27.fr\/wp-content\/uploads\/2021\/01\/AppliqueToma_1-225x300.jpg 225w\" sizes=\"auto, (max-width: 768px) 100vw, 768px\" \/><\/figure>\n\n\n\n<div class=\"wp-block-columns is-layout-flex wp-container-core-columns-is-layout-9d6595d7 wp-block-columns-is-layout-flex\">\n<div class=\"wp-block-column is-layout-flow wp-block-column-is-layout-flow\" style=\"flex-basis:100%\">\n<figure class=\"wp-block-gallery columns-3 is-cropped wp-block-gallery-1 is-layout-flex wp-block-gallery-is-layout-flex\"><ul class=\"blocks-gallery-grid\"><li class=\"blocks-gallery-item\"><figure><img loading=\"lazy\" decoding=\"async\" width=\"768\" height=\"1024\" src=\"https:\/\/fred27.fr\/wp-content\/uploads\/2021\/01\/AppliqueToma.jpg\" alt=\"\" data-id=\"262\" data-full-url=\"https:\/\/fred27.fr\/wp-content\/uploads\/2021\/01\/AppliqueToma.jpg\" data-link=\"https:\/\/fred27.fr\/appliquetoma\/\" class=\"wp-image-262\" srcset=\"https:\/\/fred27.fr\/wp-content\/uploads\/2021\/01\/AppliqueToma.jpg 768w, https:\/\/fred27.fr\/wp-content\/uploads\/2021\/01\/AppliqueToma-225x300.jpg 225w\" sizes=\"auto, (max-width: 768px) 100vw, 768px\" \/><\/figure><\/li><li class=\"blocks-gallery-item\"><figure><img loading=\"lazy\" decoding=\"async\" width=\"768\" height=\"1024\" src=\"https:\/\/fred27.fr\/wp-content\/uploads\/2021\/01\/AppliqueToma3.jpg\" alt=\"\" data-id=\"263\" data-full-url=\"https:\/\/fred27.fr\/wp-content\/uploads\/2021\/01\/AppliqueToma3.jpg\" data-link=\"https:\/\/fred27.fr\/appliquetoma3\/\" class=\"wp-image-263\" srcset=\"https:\/\/fred27.fr\/wp-content\/uploads\/2021\/01\/AppliqueToma3.jpg 768w, https:\/\/fred27.fr\/wp-content\/uploads\/2021\/01\/AppliqueToma3-225x300.jpg 225w\" sizes=\"auto, (max-width: 768px) 100vw, 768px\" \/><\/figure><\/li><li class=\"blocks-gallery-item\"><figure><img loading=\"lazy\" decoding=\"async\" width=\"600\" height=\"800\" src=\"https:\/\/fred27.fr\/wp-content\/uploads\/2021\/03\/Applique_Thomas_0.jpg\" alt=\"\" data-id=\"275\" data-full-url=\"https:\/\/fred27.fr\/wp-content\/uploads\/2021\/03\/Applique_Thomas_0.jpg\" data-link=\"https:\/\/fred27.fr\/applique_thomas_0\/\" class=\"wp-image-275\" srcset=\"https:\/\/fred27.fr\/wp-content\/uploads\/2021\/03\/Applique_Thomas_0.jpg 600w, https:\/\/fred27.fr\/wp-content\/uploads\/2021\/03\/Applique_Thomas_0-225x300.jpg 225w\" sizes=\"auto, (max-width: 600px) 100vw, 600px\" \/><\/figure><\/li><li class=\"blocks-gallery-item\"><figure><img loading=\"lazy\" decoding=\"async\" width=\"679\" height=\"800\" src=\"https:\/\/fred27.fr\/wp-content\/uploads\/2021\/03\/Applique_Thomas_2.jpg\" alt=\"\" data-id=\"276\" data-full-url=\"https:\/\/fred27.fr\/wp-content\/uploads\/2021\/03\/Applique_Thomas_2.jpg\" data-link=\"https:\/\/fred27.fr\/applique_thomas_2\/\" class=\"wp-image-276\" srcset=\"https:\/\/fred27.fr\/wp-content\/uploads\/2021\/03\/Applique_Thomas_2.jpg 679w, https:\/\/fred27.fr\/wp-content\/uploads\/2021\/03\/Applique_Thomas_2-255x300.jpg 255w\" sizes=\"auto, (max-width: 679px) 100vw, 679px\" \/><figcaption class=\"blocks-gallery-item__caption\">Teint\u00e9e Ch\u00eane fonc\u00e9<\/figcaption><\/figure><\/li><\/ul><\/figure>\n<\/div>\n<\/div>\n\n\n\n<div class=\"wp-block-columns is-layout-flex wp-container-core-columns-is-layout-9d6595d7 wp-block-columns-is-layout-flex\">\n<div class=\"wp-block-column is-layout-flow wp-block-column-is-layout-flow\" style=\"flex-basis:100%\">\n<div class=\"wp-block-group\"><div class=\"wp-block-group__inner-container is-layout-flow wp-block-group-is-layout-flow\">\n<div class=\"wp-block-columns is-layout-flex wp-container-core-columns-is-layout-9d6595d7 wp-block-columns-is-layout-flex\">\n<div class=\"wp-block-column is-layout-flow wp-block-column-is-layout-flow\" style=\"flex-basis:100%\"><div class=\"menu-menu_lampes-container\"><ul id=\"short_menu_69e11fda88c27\" class=\"shortcode_menu  wpsm-menu wpsm-vertical menu_enhance  \"><li id=\"menu-item-193\" class=\"menu-item menu-item-type-post_type menu-item-object-page menu-item-193\"><a href=\"https:\/\/fred27.fr\/index.php\/lampes\/lampe-vero\/\">Lampe V\u00e9ro<\/a><\/li>\n<li id=\"menu-item-190\" class=\"menu-item menu-item-type-post_type menu-item-object-page menu-item-190\"><a href=\"https:\/\/fred27.fr\/index.php\/lampes\/lampe-thomas\/\">Lampe Thomas<\/a><\/li>\n<li id=\"menu-item-192\" class=\"menu-item menu-item-type-post_type menu-item-object-page menu-item-192\"><a href=\"https:\/\/fred27.fr\/index.php\/lampes\/lustre-bouquet\/\">Lustre bouquet<\/a><\/li>\n<li id=\"menu-item-191\" class=\"menu-item menu-item-type-post_type menu-item-object-page menu-item-191\"><a href=\"https:\/\/fred27.fr\/index.php\/lampes\/lustre-sylvie\/\">Lustre Sylvie<\/a><\/li>\n<li id=\"menu-item-189\" class=\"menu-item menu-item-type-post_type menu-item-object-page menu-item-189\"><a href=\"https:\/\/fred27.fr\/index.php\/lampes\/lustre-coussin\/\">Lustre Coussin<\/a><\/li>\n<li id=\"menu-item-273\" class=\"menu-item menu-item-type-post_type menu-item-object-page menu-item-273\"><a href=\"https:\/\/fred27.fr\/index.php\/lampes\/applique-thomas\/\">Applique Thomas<\/a><\/li>\n<\/ul><\/div><div class=\"clear\"><\/div>\n\t\t\t<style>\n\t\t\t\t#short_menu_69e11fda88c27 {  }\n\t\t\t\t#short_menu_69e11fda88c27 ul.wpsm-arrow-enabled:before { color:rgba(0,0,0,0.8); } \n\t\t\t\t#short_menu_69e11fda88c27 ul, #short_menu_69e11fda88c27 ul ul { background: rgba(0,0,0,0.8); }\n\t\t\t\t#short_menu_69e11fda88c27 a {  }\n\t\t\t\t#short_menu_69e11fda88c27 a:hover {  }\n\t\t\t\t#short_menu_69e11fda88c27 ul a { color:#e0e0e0;  }\n\t\t\t\t#short_menu_69e11fda88c27 ul a:hover { color:#ffffff;  }\n\t\t\t\t\n\t\t\t<\/style>\n\t\t\t<script type=\"text\/javascript\">\n\t\t\t\tvar show_arrow = \"true\";<\/script>\n<\/div>\n<\/div>\n<\/div><\/div>\n<\/div>\n<\/div>\n\n\n\n<p><\/p>\n","protected":false},"excerpt":{"rendered":"<p>Des labyrinthes de Thomas, \u00e0 poser ou \u00e0 fixer en applique.Dimension 23cm x 92cm.<\/p>\n","protected":false},"author":8,"featured_media":0,"parent":101,"menu_order":0,"comment_status":"closed","ping_status":"closed","template":"","meta":{"footnotes":""},"class_list":["post-264","page","type-page","status-publish","hentry"],"_links":{"self":[{"href":"https:\/\/fred27.fr\/index.php\/wp-json\/wp\/v2\/pages\/264","targetHints":{"allow":["GET"]}}],"collection":[{"href":"https:\/\/fred27.fr\/index.php\/wp-json\/wp\/v2\/pages"}],"about":[{"href":"https:\/\/fred27.fr\/index.php\/wp-json\/wp\/v2\/types\/page"}],"author":[{"embeddable":true,"href":"https:\/\/fred27.fr\/index.php\/wp-json\/wp\/v2\/users\/8"}],"replies":[{"embeddable":true,"href":"https:\/\/fred27.fr\/index.php\/wp-json\/wp\/v2\/comments?post=264"}],"version-history":[{"count":7,"href":"https:\/\/fred27.fr\/index.php\/wp-json\/wp\/v2\/pages\/264\/revisions"}],"predecessor-version":[{"id":278,"href":"https:\/\/fred27.fr\/index.php\/wp-json\/wp\/v2\/pages\/264\/revisions\/278"}],"up":[{"embeddable":true,"href":"https:\/\/fred27.fr\/index.php\/wp-json\/wp\/v2\/pages\/101"}],"wp:attachment":[{"href":"https:\/\/fred27.fr\/index.php\/wp-json\/wp\/v2\/media?parent=264"}],"curies":[{"name":"wp","href":"https:\/\/api.w.org\/{rel}","templated":true}]}}